9 + 21143?
20a95
In base 5, what is 0 - 1022104202?
-1022104202
In base 12, what is -14 + 15b58ab?
15b5897
In base 6, what is -2 + 14302014014?
14302014012
In base 15, what is 207d3 - -168?
2094b
In base 13, what is 26 - 573728?
-573702
In base 14, what is 66d7d - 5d?
66d20
In base 15, what is -3 + -9eace38?
-9eace3b
In base 12, what is -3 + -b00859?
-b00860
In base 4, what is 110000013110 + -132?
110000012312
In base 16, what is -1 - 11dbc2?
-11dbc3
In base 7, what is -1316000 - -2155?
-1313512
In base 4, what is -3321 + -2102330?
-2112311
In base 4, what is 11 - 232231232110?
-232231232033
In base 9, what is -110 + 30342?
30232
In base 2, what is 11001 + 10100001001011001011101?
10100001001011001110110
In base 15, what is -a213 + -b9?
-a2cc
In base 9, what is -5 + 3758204?
3758188
In base 3, what is 120001212200022 + -2020?
120001212121002
In base 9, what is -3026045 + -1020?
-3027065
In base 15, what is -6 + -20564e?
-205655
In base 5, what is 10 - 22201402014?
-22201402004
In base 7, what is -5 - -3566412546?
3566412541
In base 14, what is 2004 + 754?
2758
In base 11, what is 235 + -33557?
-33322
In base 16, what is -532 + 12f18?
129e6
In base 12, what is -167462 - -21b?
-167243
In base 6, what is -543 - -1314412?
1313425
In base 10, what is 5 + 945099?
945104
In base 8, what is 254724440 + 5?
254724445
In base 7, what is 3 + 4435301536?
4435301542
In base 10, what is -51039552 - -3?
-51039549
In base 16, what is -161588 - -8?
-161580
In base 12, what is -24716 - 12ba?
-25a14
In base 4, what is 30133313311 + -1030?
30133312221
In base 6, what is -12313 + 120521?
104204
In base 6, what is -4 + 1215255213?
1215255205
In base 14, what is -11a621 + 5?
-11a61a
In base 16, what is 42 + -13b93?
-13b51
In base 10, what is -8986617 - 53?
-8986670
In base 14, what is a1 - -935d6?
93697
In base 7, what is 263 + 6625155?
6625451
In base 6, what is 42 - -54310342?
54310424
In base 5, what is -103 - 2214101?
-2214204
In base 3, what is -110021201000100212 + 0?
-110021201000100212
In base 14, what is -6812a45 - 1?
-6812a46
In base 9, what is 44 - -18055311?
18055355
In base 13, what is 222 - 13ac92?
-13aa70
In base 2, what is -1111110 - 10000101100101111101?
-10000101100111111011
In base 2, what is 1110100 + -110001000100100001?
-110001000010101101
In base 13, what is 165 - c542?
-c3aa
In base 16, what is 4 + 213c555?
213c559
In base 2, what is 101 + -111010101000100000110001010?
-111010101000100000110000101
In base 4, what is -113231220 + 2111222?
-111113332
In base 9, what is 71 + -540045?
-538864
In base 8, what is 4 + -257365150?
-257365144
In base 6, what is 4 + -2421325?
-2421321
In base 7, what is -5125 - -35313?
30155
In base 5, what is 32330400 + 2040?
32332440
In base 12, what is 3144 + 49b?
3623
In base 8, what is 13767426 + 43?
13767471
In base 11, what is -91a0349 + -1?
-91a034a
In base 15, what is 24 - -4d6dc?
4d711
In base 7, what is 212156 - -3205?
215364
In base 7, what is 20 + 33545?
33565
In base 10, what is -3 + 207003071?
207003068
In base 16, what is 105b9 + -444?
10175
In base 11, what is -570225 + 25?
-570200
In base 3, what is 21022010120001102 - -1?
21022010120001110
In base 11, what is 833171 - 1?
833170
In base 4, what is 100121101 + 30121?
100211222
In base 13, what is -319c - -a78?
-2424
In base 3, what is -2 + 1111121010111?
1111121010102
In base 4, what is -1311212103223 - 2?
-1311212103231
In base 8, what is -1373203154 - 5?
-1373203161
In base 10, what is 1 + -1170486?
-1170485
In base 7, what is -63655 - 123?
-64111
In base 10, what is 4863 - -2935?
7798
In base 12, what is 842753 + -2?
842751
In base 16, what is 37390c71 + 2?
37390c73
In base 13, what is 10995a1 - 31?
1099570
In base 5, what is 1330223243 + -14?
1330223224
In base 7, what is 23102003 + 0?
23102003
In base 4, what is 3011012131223 - 2?
3011012131221
In base 8, what is 17607 + 5353?
25162
In base 9, what is 1 - 14382440?
-14382438
In base 13, what is 1 + -5a56b91?
-5a56b90
In base 3, what is 12022020202 + 121211?
12022212120
In base 12, what is -10000731 + -8?
-10000739
In base 13, what is 1 + -2217c7c0?
-2217c7bc
In base 11, what is 331 - -37905?
38136
In base 3, what is 1011022212121101 + 21?
1011022212121122
In base 7, what is 3104111040 + -10?
3104111030
In base 11, what is 4 + -41499563?
-4149955a
In base 7, what is -3 + 2412400103?
2412400100
In base 12, what is -2 + 1569210a?
15692108
In base 2, what is 0 - 1100000110110100100001?
-1100000110110100100001
In base 4, what is 2 + 3313331322?
3313331330
In base 11, what is -2733319 - 4?
-2733322
In base 7, what is -623 + 10420423?
10416500
In base 5, what is 1011132 - -1132?
1012314
In base 4, what is 1010101320202 + 11?
1010101320213
In base 4, what is 323 + 221121000?
221121323
In base 8, what is -6550531 - 44?
-6550575
In base 12, what is 16736136 - -5?
1673613b
In base 11, what is 2902 - -2573a?
28541
In base 7, what is 421 - -1612420?
1613141
In base 14, what is -6679d + -54?
-66813
In base 2, what is -101 - 100011010110000000101100?
-100011010110000000110001
In base 16, what is -17 + 3001b2?
30019b
In base 3, what is 1020102201 + -101002?
1020001122
In base 12, what is -202611 + -12?
-202623
In base 10, what is -32 + 247960?
247928
In base 10, what is 576 - 1399286?
-1398710
In base 7, what is -6313651 - 23?
-6314004
In base 16, what is -13ce - 2e86?
-4254
In base 10, what is 3168 - -4241?
7409
In base 5, what is -33121 + -3102421?
-3141042
In base 8, what is -21 + -326117?
-326140
In base 6, what is -1125113544 + -115?
-1125114103
In base 7, what is -5 + -5654430215?
-5654430223
In base 9, what is 63268 + -28512?
33656
In base 11, what is 5051 - 43077?
-39026
In base 12, what is -9 - -387517?
38750a
In base 3, what is 201102221 + -101011000?
100021221
In base 9, what is 23 - -37230234?
37230257
In base 8, what is 41715 - -1625?
43542
In base 8, what is -107112 + -1152?
-110264
In base 5, what is -2 + -4412104321?
-4412104323
In base 9, what is 114 - 7815875?
-7815761
In base 8, what is 0 + -1441602533?
-1441602533
In base 7, what is -4222 - -22264?
15042
In base 14, what is -5 - 756cca?
-756cd1
In base 11, what is -13 - 2468121?
-2468134
In base 14, what is 1 - 839b84?
-839b83
In base 4, what is -1021121003 + -13032?
-1021200101
In base 13, what is -278 + -340929?
-340ba4
In base 2, what is 110111001010110100 - -10100111101?
110111011111110001
In base 16, what is -996263 + 1?
-996262
In base 2, what is -11110 + 1101110100000011110100?
1101110100000011010110
In base 8, what is -13 + 450664?
450651
In base 5, what is -3333130 - 31243?
-3414423
In base 14, what is 1cb25 + 161?
1cc86
In base 5, what is 3 - 1442020020?
-1442020012
In base 14, what is c25 + 5433?
6258
In base 15, what is -54 - -671c2?
6716d
In base 2, what is -10001110010001 - 101100000110?
-10111010010111
In base 16, what is -3c762 + -5d5?
-3cd37
In base 16, what is 1c17 - -5caf?
78c6
In base 7, what is 6023251 + -40?
6023211
In base 16, what is 1 + 3a8d4a?
3a8d4b
In base 3, what is 1000202121022021 + -1?
1000202121022020
In base 8, what is -2170004 + -24?
-2170030
In base 8, what is 155 - 124332?
-124155
In base 13, what is -792203 + -38?
-79223b
In base 14, what is 31a4 - 3a7?
2bdb
In base 8, what is -10661455 + 442?
-10661013
In base 2, what is 1000011110101 + -10011011001?
110000011100
In base 16, what is -98 - -5d3d4?
5d33c
In base 2, what is -101100100110010 - -11011001110101?
-10001010111101
In base 4, what is -20323202 + -1231100?
-22220302
In base 4, what is -10123 - 100122131?
-100132320
In base 7, what is 10 - -164414566?
164414606
In base 10, what is -49748 + 3106?
-46642
In base 10, what is 156 + -15481?
-15325
In base 14, what is -bc - 8dc0?
-909c
In base 5, what is 10 - -130042132?
130042142
In base 6, what is 3 - -551524143?
551524150
In base 16, what is -1a + -1851a1?
-1851bb
In base 2, what is 110001000000101111010000010 - 1?
110001000000101111010000001
In base 5, what is 224224001 - -31?
224224032
In base 12, what is -20 - 364a91?
-364ab1
In base 10, what is -5644756 + -1?
-5644757
In base 16, what is 74fb - -51?
754c
In base 3, what is -11221222120 - 100?
-11221222220
In base 3, what is 10202010022 - -1121?
10202011220
In base 5, what is 10 - 201432112400?
-201432112340
In base 9, what is -18414 - 388?
-1881